tor of q and 190?
38
Let t(z) = -z**3 + 10*z**2 + 11*z + 8. Suppose 2*i + 4 = 0, -8 - 10 = -2*u - 2*i. Let p be t(u). Calculate the greatest common divisor of p and 88.
8
Let u(m) = -m - 4. Let a be u(-8). Let c = a + 0. Let s be (2 - -2)*(6/(-1))/(-3). Calculate the highest common divisor of c and s.
4
Let s(k) = -2*k - 8. Let q be s(-8). Suppose 3*r = 3*m + 42, 5*r + q = -m + 84. Let n = 68 + -53. What is the greatest common factor of r and n?
15
Suppose -o = 4*d + 3 - 24, 2*o + 6 = 4*d. Suppose -5*n = -d*n - 13. What is the highest common divisor of n and 26?
13
Let i be (16/(-24))/((-4)/426). Let z = i - -1. What is the highest common divisor of z and 18?
18
Suppose 0 = 4*q - 5*v - 3154, 0 = -5*v + 5 + 5. Calculate the greatest common divisor of q and 7.
7
Let t = 136 - 48. Let z = t + -73. What is the greatest common divisor of z and 75?
15
Suppose -9*t + 10*t - 82 = -2*h, -t - 5*h + 79 = 0. What is the highest common factor of 56 and t?
28
Suppose -4*s + 134 = -14. Suppose -3*f + 7*f = -q + 53, -3*q - 4*f = -127. What is the highest common factor of s and q?
37
Suppose 0 = 4*s - 354 + 66. Let i(m) = -2*m + 1. Let f be i(0). Let v be (-9)/(f*(-2)/4). What is the highest common divisor of s and v?
18
Suppose 0*m + 2*c + 104 = 2*m, 5*m - 3*c = 250. Suppose -m = -4*i + 5*f, i + 2*f - 36 + 8 = 0. Calculate the greatest common divisor of 18 and i.
18
Let h be 84/462 + (-6532)/(-11). What is the greatest common divisor of 22 and h?
22
Suppose -6*r - 30 = -h - 5*r, -66 = -2*h - r. Calculate the highest common factor of 12 and h.
4
Suppose 0 = 4*p - 369 + 125. Suppose -20 = -2*m + 4*l, m - 5*m = -l - p. Let b be (m/(-10))/(3/(-15)). What is the highest common divisor of b and 56?
8
Let h be ((-2)/(8/(-28)))/((-2)/(-22)). Calculate the highest common divisor of h and 22.
11
Let g(c) = c**2 + 7*c + 7. Let t be g(-6). Suppose 2*k = -27*s + 25*s + 14, -6*s - 2*k + 46 = 0. What is the greatest common divisor of t and s?
1
Let t(o) = 10*o - 110. Let b be t(28). What is the greatest common factor of 272 and b?
34
Let u = 3 + 3. Suppose -13 = -4*k - v, -k + 4*v - u = 12. Suppose -210 = -k*s + s. What is the highest common factor of 30 and s?
30
Suppose 3*y = 42 - 27. Suppose -y*g - 2*i + 82 = 2*i, 4*i + 80 = 4*g. What is the greatest common divisor of 6 and g?
6
Suppose -5*t + 20 = -2*x - 34, 2*x - 42 = -3*t. Let q = 188 + -164. Calculate the greatest common divisor of q and t.
12
Suppose 14*k = 12*k + 4. Suppose k*s = -8*s + 550. Calculate the highest common divisor of 11 and s.
11
Suppose -3*j - 3*i = -66, -2*i + 0*i = -2*j + 28. Suppose 0 = 2*c + 5*a - 24, -3*a + 14 = -c + 2*c. What is the greatest common factor of c and j?
2
Suppose 2111 = 8*x - 4153. Calculate the greatest common divisor of x and 27.
27
Let u(d) = 7*d. Let t be u(1). Let a(c) = -c**3 + 27*c**2 + 3*c - 67. Let h be a(27). What is the highest common divisor of t and h?
7
Let x(h) = h**3 + 13*h**2 + 6*h + 5. Let s be x(-5). Suppose 3*o + 4*o - s = 0. Calculate the greatest common factor of o and 10.
5
Let n = -13 - -15. Let r = 16 + -12. Suppose -o + r = o. Calculate the highest common divisor of o and n.
2
Let s be 1 - -175 - (-1 - (12 - 7)). What is the greatest common factor of s and 26?
26
Suppose -7 = -3*g + 2. Suppose 0*d + 4*d = c - 11, -g*c + 20 = d. Calculate the greatest common factor of 14 and c.
7
Suppose -5*l + 8*q - 6*q + 1024 = 0, 5*l - 3*q - 1026 = 0. Calculate the highest common divisor of l and 17.
17
Suppose 11*r - 36754 = -35*r. Calculate the highest common factor of 47 and r.
47
Suppose 44 = 3*z - 28. What is the greatest common divisor of z and 16?
8
Let h be 738/15 - (6 - 170/25). Calculate the greatest common divisor of 175 and h.
25
Let t be 8/(-12) + (-1928)/(-12) + 0. Let j(x) = -63*x**3 + x**2. Let k be j(-1). What is the greatest common factor of k and t?
32
Suppose d - 88 = -3*d - 2*x, 2*d - 44 = x. What is the highest common divisor of d and 209?
11
Let z = 636 + -384. Calculate the greatest common factor of z and 28.
28
Let u(a) = a + 7. Let x be u(-5). Suppose 0 = j + x*s + 2 - 14, 0 = 3*s - 15. Suppose 9 = l + j. Calculate the highest common divisor of 1 and l.
1
Let y = 2 - 3. Suppose 5*k = -2*w - 16, 3*k - 6 = 2*w + 42. Let p be (-12)/w - y/3. What is the greatest common factor of p and 8?
1
Suppose -v + 10 + 102 = -4*c, -c = -5*v + 541. What is the greatest common divisor of v and 36?
36
Let f(a) = -a**3 - 16*a**2 - 8*a - 8. Let y be f(-16). Suppose 33*h - 36*h = -y. Let o = -6 + 26. What is the highest common factor of o and h?
20
Let q = 8 - 2. Let c(r) = -208*r - 992. Let h be c(-5). What is the greatest common divisor of q and h?
6
Let m(d) = -2*d**2 + 30*d - 12. Let t be m(14). Calculate the greatest common divisor of t and 152.
8
Let y(q) = 2*q**3 + q**2 - 3*q - 3. Let v be y(-1). Let r be 6/(-14) + v*(-513)/21. What is the highest common factor of r and 120?
24
Let q = 21 - 19. Suppose -8 = -q*l + 2. Suppose -3*p + 3 = -4*p + 4*z, -p + 42 = l*z. Calculate the greatest common divisor of p and 136.
17
Let c(g) = -g**2 + 74*g + 314. Let h be c(40). Calculate the greatest common divisor of 54 and h.
54
Suppose 3*m - 85 = -2*t + 23, -136 = -2*t + 4*m. Calculate the greatest common factor of 15 and t.
15
Let m = -15 + 30. Let j be 6/m - (-318)/5. Let k be 2 - (-3 + 3 - 14). Calculate the highest common factor of k and j.
16
Suppose -2*l + q = -10 - 1, 3*l - q - 14 = 0. Let x be ((-3)/l)/((-1)/85). Calculate the greatest common factor of x and 34.
17
Suppose 5*h + 93 = 243. Let s be -33*5/h*-2. Calculate the highest common divisor of s and 11.
11
Let d(k) = k**3 - k**2 + 4*k + 16. Let m be d(7). Calculate the greatest common divisor of 26 and m.
26
Let f(i) = i**2 - 27*i + 128. Let w be f(24). Calculate the greatest common factor of w and 280.
56
Suppose 134 + 118 = 4*c. Suppose 3*h + 3*f = c, -5*f + 40 = 2*h + 1. What is the greatest common divisor of 22 and h?
22
Suppose 6*y - 832 = -16. Let v = 235 - y. What is the greatest common divisor of 11 and v?
11
Let x be (12/(-9))/((-2)/57). Let z(h) = 27*h - 10. Let j be z(6). Calculate the greatest common divisor of x and j.
38
Let z = 180 - 128. Calculate the greatest common divisor of z and 182.
26
Let u = 316 + -312. What is the highest common divisor of 12 and u?
4
Suppose -14*k - 110 = -530. Let x be -1 + (1 - (4 - 2)). Let z be x/8 + 294/24. Calculate the greatest common divisor of z and k.
6
Let x(d) = 17 - d**2 - 26*d - 42 + 6*d. Let n be x(-18). What is the greatest common factor of 55 and n?
11
Let s(a) = 66*a + 63*a + 19 - 128*a. Let w be s(-7). Calculate the greatest common divisor of 1 and w.
1
Let i be (0 - (-2)/(-9)) + 40976/117. Calculate the greatest common factor of i and 98.
14
Suppose 0 = -2*b - 3*b + 30. Suppose -4*u + u + b = 0. Suppose 0*p + 64 = u*p. Calculate the highest common divisor of p and 80.
16
Let x be (-6)/10*(-1830)/6. Suppose -6*w + 141 = -x. Calculate the highest common divisor of 6 and w.
6
Let c(n) = -2*n**2 + 48*n - 19. Let o be c(23). What is the highest common factor of o and 153?
9
Let j = 363 - 349. What is the highest common factor of j and 2?
2
Suppose 32 = 6*b + 770. Let z = 127 + b. What is the highest common factor of 88 and z?
4
Let n(s) = -s**3 - s**2 - s + 16. Let z be n(-5). Calculate the greatest common factor of z and 22.
11
Suppose -232 = -3*t - 4*n, 0 = 3*t - t - 5*n - 124. What is the highest common factor of 24 and t?
24
Let t(q) = q**2 + q + 8. Let d be t(0). Let z(o) = -5*o + 12. Let r be z(-10). Suppose 15*m = 58 + r. Calculate the greatest common factor of m and d.
8
Suppose -4*s = 640 - 2356. Suppose 0 = 3*f - 36 - s. Calculate the highest common factor of f and 62.
31
Suppose a - 57 = 5*a + q, 0 = a + q + 12. Let c be 11/5 + -1 + (-14)/70. Let h be (c + 0)*-2 - a. Calculate the greatest common divisor of 143 and h.
13
Let s(z) = -2*z - 3. Let j be s(-6). Let m(a) = -13 - 14 - a + 54 - 18. Let r be m(-27). Calculate the highest common divisor of j and r.
9
Suppose 0 = -c - 3*x + 312, 4*c = -0*c - 2*x + 1288. Calculate the highest common divisor of c and 756.
108
Let o = 83 - 1. Calculate the highest common divisor of 123 and o.
41
Suppose 0 = 2*k - 4*v - 52, 16 + 4 = k - 4*v. Calculate the greatest common divisor of 4 and k.
4
Suppose